q(-79).
9
Let i(a) = -a**2 + 1010*a + 223827. What is i(-187)?
-12
Let b(j) = 8*j**3 + 148*j**2 - 83*j + 209. Determine b(-19).
342
Let y(k) = 413*k**2 - 303*k + 294. What is y(1)?
404
Let s(j) = j**2 - 2790*j - 2122. Give s(0).
-2122
Let y(z) = 3322132*z - 8. Calculate y(0).
-8
Let b(i) = i**2 - 203*i - 9692. Determine b(-52).
3568
Let o(f) = -95*f**2 - 1561*f - 6007. Determine o(-6).
-61
Let d(z) = -551135*z - 3857943. Calculate d(-7).
2
Let h(z) = 3*z**2 + 4599*z - 188755. What is h(40)?
5
Let a(y) = -2128*y + 10451. Determine a(5).
-189
Let o(v) = 1353*v**2 + 2645*v + 4. Determine o(-2).
126
Let t(d) = -d**3 + 1115*d**2 - 8852*d - 22. What is t(8)?
10
Let l(n) = -108206*n - 216404. What is l(-2)?
8
Let v(s) = 13*s**2 - 76*s - 533. Determine v(-4).
-21
Let n(j) = 20*j**2 + 1949*j + 859. Determine n(-97).
-14
Let p(u) = u**3 + 162*u**2 - 1114*u - 74312. What is p(-166)?
388
Let c(f) = -f**2 - 84*f + 23885. Calculate c(-202).
49
Let s(l) = 3*l**2 + 7*l - 1740. Give s(14).
-1054
Let c(h) = 4401*h + 563333. Determine c(-128).
5
Let w(y) = -4*y**2 + 61*y - 362. Calculate w(10).
-152
Let p(z) = -z**3 - 43*z**2 - 652*z - 36340. What is p(-46)?
0
Let g(x) = 18*x + 109. Determine g(-7).
-17
Let d(n) = 594*n - 21411. What is d(36)?
-27
Let b(r) = 680*r + 219644. Give b(-323).
4
Let u(o) = -o**2 - 103*o - 2090. What is u(-28)?
10
Let w(y) = -6*y**3 - 88*y**2 + 2094*y + 28915. Calculate w(-13).
3
Let b(v) = -v**3 + 34*v**2 - 126*v - 132. Give b(27).
1569
Let a(r) = -r**2 - 2707*r + 797308. Give a(268).
8
Let l(q) = 29493*q - 58976. Calculate l(2).
10
Let q(s) = -s**2 - 58*s - 233. What is q(-27)?
604
Let o(t) = -152230*t + 304453. Give o(2).
-7
Let x(g) = 1737*g + 32079. Calculate x(-19).
-924
Let p(s) = 5*s**3 + 122*s**2 + 24*s - 113. Give p(-24).
463
Let p(n) = -2*n**3 - 137*n**2 - 453*n + 126. Give p(-65).
-4
Let r(z) = -2756*z - 19175. What is r(-7)?
117
Let s(o) = 1558*o**3 + 3*o**2 + 552*o - 554. Calculate s(1).
1559
Let w(h) = -255*h - 147651. What is w(-579)?
-6
Let u(l) = -7912*l - 1329227. Determine u(-168).
-11
Let i(k) = -k**3 + 78*k**2 + 437*k - 33308. What is i(78)?
778
Let w(i) = -693*i - 9532. Calculate w(-14).
170
Let u(y) = 4214*y - 375027. Calculate u(89).
19
Let o(q) = 2*q**3 - 47*q**2 - 354*q + 8267. Calculate o(23).
-404
Let c(f) = -16*f + 1056. Calculate c(13).
848
Let l(f) = -234*f**2 - 119*f + 132. Calculate l(1).
-221
Let x(n) = -1131*n + 1299500. Calculate x(1149).
-19
Let r(i) = 16*i**3 + 18*i**2 + 204*i - 206. Determine r(1).
32
Let y(r) = -r**3 - 176*r**2 - 349*r - 30066. Calculate y(-175).
384
Let h(s) = 2*s**3 + 4*s**2 - 75*s - 27. Give h(6).
99
Let o(u) = u**3 - 45*u**2 + 164*u - 477. What is o(10)?
-2337
Let a(u) = 824*u**2 + 117007*u - 208. What is a(-142)?
-66
Let w(c) = 6*c**3 + 109*c**2 + 138*c - 60. Determine w(-2).
52
Let j(g) = -36*g**2 + 432*g + 53. Give j(12).
53
Let q(v) = -2*v**2 + 3071*v - 388224. What is q(139)?
3
Let i(s) = -s**2 - 23966*s - 622454. Give i(-26).
-14
Let i(v) = -1219*v - 582880. Determine i(-478).
-198
Let y(n) = -43844*n - 3814420. Calculate y(-87).
8
Let z(j) = 60*j**3 - 2043*j**2 - 54*j - 83. Give z(34).
-5387
Let n(z) = 231*z + 2292. Determine n(-10).
-18
Let y(c) = 183*c**2 + 1765*c + 1099. Give y(-9).
37
Let f(t) = -3545*t + 137659. What is f(39)?
-596
Let c(q) = -104*q - 374. Give c(-7).
354
Let i(d) = d**2 + 25001*d - 225127. Determine i(9).
-37
Let u(z) = -z**3 + 75*z**2 + 1177*z - 2810. What is u(88)?
94
Let b(z) = -20*z**2 + 3982*z - 27262. Determine b(192).
2
Let b(o) = -2*o**3 + 31*o**2 + 1182*o - 29. Determine b(-18).
403
Let b(w) = -w**2 + 178*w + 5675. What is b(-26)?
371
Let u(a) = 8794*a - 4968698. Give u(565).
-88
Let q(j) = -22963*j - 1630369. Give q(-71).
4
Let s(w) = 55*w**2 + 229*w + 171. Calculate s(-1).
-3
Let r(o) = 20*o**2 + 1054*o + 544. What is r(-52)?
-184
Let b(s) = -s**3 - 459*s**2 - 1271*s - 163179. Calculate b(-457).
-30
Let z(f) = -f**2 + 82*f - 1617. Calculate z(57).
-192
Let h(s) = -15*s**2 + 364*s - 1799. Determine h(7).
14
Let d(n) = n**3 - 256*n**2 + 2450*n + 2455. Calculate d(246).
-5
Let p(x) = 34*x**2 - 44*x - 82. Give p(3).
92
Let f(k) = -4*k**3 - 124*k**2 + 4*k + 548. Determine f(-31).
424
Let f(k) = k**3 - 28*k**2 - 311*k + 7986. Calculate f(17).
-480
Let h(f) = -517651*f + 18. What is h(0)?
18
Let p(b) = -280*b + 11708. Give p(41).
228
Let s(r) = -r**2 + 8076*r - 2533921. Give s(327).
2
Let p(f) = -4041*f - 460651. Calculate p(-114).
23
Let v(g) = g**2 + 8113*g - 187148. Give v(23).
-20
Let r(p) = p**3 + 103*p**2 - 247*p - 3891. What is r(-105)?
-6
Let l(a) = a**3 - 6*a**2 - 481*a + 217. Calculate l(-18).
1099
Let j(q) = 14311*q + 142558. Give j(-10).
-552
Let t(p) = p**3 - 86*p**2 + 1334*p - 123647. Calculate t(87).
-20
Let d(w) = -22*w**2 - 46265*w + 92537. Give d(2).
-81
Let b(g) = -669*g**2 - 18*g - 6. Give b(1).
-693
Let b(z) = 123*z**3 + 9*z**2 - 3*z - 11. What is b(-1)?
-122
Let b(z) = 2*z**3 + 87*z**2 - 129*z - 324. Calculate b(-45).
-594
Let i(o) = 60*o - 1698. Give i(22).
-378
Let s(w) = -126*w - 16318. Determine s(-130).
62
Let p(m) = -m**2 + 162*m - 5921. What is p(111)?
-260
Let n(h) = -38108*h + 13. Calculate n(0).
13
Let w(i) = 107*i - 1868. Give w(12).
-584
Let i(h) = -118347*h - 710094. Give i(-6).
-12
Let b(p) = 5*p**3 + 25*p**2 + 715*p - 1524. Determine b(2).
46
Let a(v) = -v**3 - 75*v**2 - 74*v - 23. Give a(-74).
-23
Let c(y) = 197*y**2 + 231*y - 441. Give c(2).
809
Let u(c) = -c**2 - 3928*c + 477434. Calculate u(118).
6
Let b(l) = -41*l + 390. Determine b(5).
185
Let f(l) = 178*l + 12270. Give f(-69).
-12
Let i(w) = 2*w**2 + 643*w + 15653. What is i(-295)?
18
Let p(m) = 152*m**2 + 27*m - 85. Calculate p(4).
2455
Let x(c) = 27408*c + 148. What is x(0)?
148
Let s(m) = -37*m**2 + 12095*m + 1302. Give s(327).
-6
Let i(g) = -7*g**3 - 158*g**2 - 884*g + 65. Determine i(-10).
105
Let j(l) = 4*l**2 + 2898*l - 138618. Give j(45).
-108
Let w(v) = -2*v**3 + 33*v**2 + 499*v + 1185. Calculate w(-7).
-5
Let j(o) = -9*o**2 - 1597*o - 23725. Calculate j(-161).
103
Let n(t) = 9*t**2 - 12337*t - 86398. Give n(-7).
402
Let b(l) = -7*l**2 + 4*l + 1044. Calculate b(-12).
-12
Let l(p) = 87511*p + 2275299. Give l(-26).
13
Let b(h) = -3*h**3 - 4*h**2 + 26*h - 8. Calculate b(3).
-47
Let f(p) = -4*p**3 + 68*p**2 - 426*p + 5788. Calculate f(16).
-4
Let t(b) = -b**3 - 447*b**2 - 2111*b - 150183. Give t(-443).
-6
Let c(r) = -r**3 - 54*r**2 - 81*r - 10793. Give c(-56).
15
Let z(m) = 8253*m - 156821. What is z(19)?
-14
Let f(g) = -17*g**2 + 2659*g + 12542. Determine f(161).
-16
Let a(o) = -o**3 - 4*o**2 + 719*o - 2686. What is a(4)?
62
Let v(l) = 5*l**3 - 9*l**2 - 400*l + 34. Determine v(-8).
98
Let y(k) = -8794*k - 852997. Determine y(-97).
21
Let l(u) = 305650*u - 7946891. Determine l(26).
9
Let o(a) = -45*a**3 + 45*a**2 + 43*a - 4. Calculate o(-1).
43
Let o(a) = -8966*a + 107810. Give o(12).
218
Let h(y) = -17492*y + 52285. What is h(3)?
-191
Let s(k) = k**3 + 17*k**2 - 779*k - 13268. Calculate s(-17).
-25
Let l(t) = 43842*t - 832879. Determine l(19).
119
Let w(l) = -364059*l + 2548415. Determine w(7).
2
Let l(i) = -2*i**3 + 88*i**2 + 35*i + 1170. Determine l(45).
-1305
Let i(x) = x**3 - 9*x**2 - 11522*x + 1457. Calculate i(-103).
15
Let k(s) = s**3 + 10*s**2 - 95*s - 513. What is k(-14)?
33
Let k(z) = -2*z**3 - 158*z**2 - 783*z - 36586. What is k(-77)?
-11
Let i(j) = 2*j**3 + 8*j**2 - 7*j + 160. Calculate i(-7).
-85
Let m(s) = -1420423*s - 2840842. Calculate m(-2).
4
Let t(s) = 10*s**2 - 996*s - 6973. Calculate t(-7).
489
Let t(u) = -2*u**2 - 180*u + 2905. What is t(-104)?
-7
Let f(v) = 2234*v - 15687. Determine f(7).
-49
Let o(l) = -1293*l + 30681. What is o(24)?
-351
Let h(c) = c**3 + 569*c**2 - 2047*c + 989. Give h(3).
-4
Let h(c) = 400004*c**2 + 2000022*c + 16. Give h(-5).
6
Let g(l) = l**3 - 376*l**2 - 25184*l + 5228. What is g(434)?
20
Let a(s) = -2*s**3 - 39*s**2 - 1965*s - 23358. Give a(-13).
-10
Let c(h) = 175*h**3 + 15749*h**2 - 88*h + 66. Calculate c(-90).
-114
Let f(q) = 30584*q - 91743. Give f(3).
9
Let t(i) = 39*i**2 - 152*i - 658. What is t(-10)?
4762
Let k(z) = 4*z**3 + 55*z**2 + 71*z + 77. Calculate k(-13).
-339
Let y(c) = 10*c**3 + 299*c**2 - 334*c + 214. Calculate y(-31).
-3
Let c(n) = -32564*n - 1204861. Calculate c(-37).
7
